{"id":5132,"date":"2023-06-06T12:00:35","date_gmt":"2023-06-06T12:00:35","guid":{"rendered":"https:\/\/darkstore225.com\/?post_type=product&#038;p=5132"},"modified":"2023-07-05T00:42:52","modified_gmt":"2023-07-05T00:42:52","slug":"giannis-zoom-freak-2","status":"publish","type":"product","link":"https:\/\/darkstore225.com\/index.php\/produit\/giannis-zoom-freak-2\/","title":{"rendered":"Giannis Zoom Freak 2"},"content":{"rendered":"<p style=\"text-align: left;\">Giannis Zoom Freak 2 : performances optimales sur le terrain.<\/p>\n<p>Collaboration avec Giannis Antetokounmpo pour style, confort et soutien.<\/p>\n<p style=\"text-align: left;\">Technologie Zoom Air pour amorti r\u00e9actif et r\u00e9ponse rapide.<\/p>\n<p style=\"text-align: left;\">Tige l\u00e9g\u00e8re et durable pour un ajustement confortable et s\u00e9curis\u00e9.<\/p>\n<p style=\"text-align: left;\">Semelle ext\u00e9rieure adh\u00e9rente pour excellente traction et mouvements pr\u00e9cis.<\/p>\n<p style=\"text-align: left;\">Design audacieux et \u00e9l\u00e9gant avec d\u00e9tails inspir\u00e9s de Giannis.<\/p>\n<p style=\"text-align: left;\">Choix id\u00e9al pour les amateurs de basketball exigeants.<\/p>\n<p style=\"text-align: left;\">Atteignez de nouveaux sommets avec confiance et style. La paire est disponible \u00e0 abidjan sur Darkstore225<\/p>\n","protected":false},"excerpt":{"rendered":"<p>Giannis Zoom Freak 2 : performances optimales sur le terrain. Collaboration avec Giannis Antetokounmpo pour style, confort et soutien. Technologie Zoom Air pour amorti r\u00e9actif et r\u00e9ponse rapide. Tige l\u00e9g\u00e8re et durable pour un ajustement confortable et s\u00e9curis\u00e9. Semelle ext\u00e9rieure adh\u00e9rente pour excellente traction et mouvements pr\u00e9cis. Design audacieux et \u00e9l\u00e9gant avec d\u00e9tails inspir\u00e9s de [&hellip;]<\/p>\n","protected":false},"featured_media":5140,"comment_status":"open","ping_status":"closed","template":"","meta":{"_uag_custom_page_level_css":"","site-sidebar-layout":"default","site-content-layout":"default","ast-site-content-layout":"default","site-content-style":"default","site-sidebar-style":"default","ast-global-header-display":"","ast-banner-title-visibility":"","ast-main-header-display":"","ast-hfb-above-header-display":"","ast-hfb-below-header-display":"","ast-hfb-mobile-header-display":"","site-post-title":"","ast-breadcrumbs-content":"","ast-featured-img":"","footer-sml-layout":"","ast-disable-related-posts":"","theme-transparent-header-meta":"default","adv-header-id-meta":"","stick-header-meta":"","header-above-stick-meta":"","header-main-stick-meta":"","header-below-stick-meta":"","astra-migrate-meta-layouts":"default","ast-page-background-enabled":"default","ast-page-background-meta":{"desktop":{"background-color":"","background-image":"","background-repeat":"repeat","background-position":"center center","background-size":"auto","background-attachment":"scroll","background-type":"","background-media":"","overlay-type":"","overlay-color":"","overlay-opacity":"","overlay-gradient":""},"tablet":{"background-color":"","background-image":"","background-repeat":"repeat","background-position":"center center","background-size":"auto","background-attachment":"scroll","background-type":"","background-media":"","overlay-type":"","overlay-color":"","overlay-opacity":"","overlay-gradient":""},"mobile":{"background-color":"","background-image":"","background-repeat":"repeat","background-position":"center center","background-size":"auto","background-attachment":"scroll","background-type":"","background-media":"","overlay-type":"","overlay-color":"","overlay-opacity":"","overlay-gradient":""}},"ast-content-background-meta":{"desktop":{"background-color":"var(--ast-global-color-5)","background-image":"","background-repeat":"repeat","background-position":"center center","background-size":"auto","background-attachment":"scroll","background-type":"","background-media":"","overlay-type":"","overlay-color":"","overlay-opacity":"","overlay-gradient":""},"tablet":{"background-color":"var(--ast-global-color-5)","background-image":"","background-repeat":"repeat","background-position":"center center","background-size":"auto","background-attachment":"scroll","background-type":"","background-media":"","overlay-type":"","overlay-color":"","overlay-opacity":"","overlay-gradient":""},"mobile":{"background-color":"var(--ast-global-color-5)","background-image":"","background-repeat":"repeat","background-position":"center center","background-size":"auto","background-attachment":"scroll","background-type":"","background-media":"","overlay-type":"","overlay-color":"","overlay-opacity":"","overlay-gradient":""}}},"product_brand":[],"product_cat":[21],"product_tag":[219,220,44,81],"class_list":{"0":"post-5132","1":"product","2":"type-product","3":"status-publish","4":"has-post-thumbnail","6":"product_cat-chaussure","7":"product_tag-basket-ball","8":"product_tag-giannis","9":"product_tag-homme","10":"product_tag-nike","11":"pa_pointure-30","12":"pa_pointure-31","13":"pa_pointure-32","14":"pa_pointure-33","15":"pa_pointure-34","16":"pa_pointure-35","17":"desktop-align-left","18":"tablet-align-left","19":"mobile-align-left","21":"first","22":"instock","23":"shipping-taxable","24":"purchasable","25":"product-type-variable"},"yoast_head":"<!-- This site is optimized with the Yoast SEO plugin v27.6 - https:\/\/yoast.com\/product\/yoast-seo-wordpress\/ -->\n<title>Giannis Zoom Freak 2 - Dark Store 225<\/title>\n<meta name=\"description\" content=\"Giannis Zoom Freak 2 : performances optimales sur le terrain.Collaboration avec Giannis Antetokounmpo pour style, confort et soutien.Technologie Zoom Air pour amorti r\u00e9actif et r\u00e9ponse rapide.Tige l\u00e9g\u00e8re et durable pour un ajustement confortable et s\u00e9curis\u00e9.Semelle ext\u00e9rieure adh\u00e9rente pour excellente traction et mouvements pr\u00e9cis.Design audacieux et \u00e9l\u00e9gant avec d\u00e9tails inspir\u00e9s de Giannis.Choix id\u00e9al pour les amateurs de basketball exigeants.Atteignez de nouveaux sommets avec confiance et style. La paire est disponible \u00e0 abidjan sur Darkstore225\" \/>\n<meta name=\"robots\" content=\"index, follow, max-snippet:-1, max-image-preview:large, max-video-preview:-1\" \/>\n<link rel=\"canonical\" href=\"https:\/\/darkstore225.com\/index.php\/produit\/giannis-zoom-freak-2\/\" \/>\n<meta property=\"og:locale\" content=\"fr_FR\" \/>\n<meta property=\"og:type\" content=\"article\" \/>\n<meta property=\"og:title\" content=\"Giannis Zoom Freak 2 - Dark Store 225\" \/>\n<meta property=\"og:description\" content=\"Giannis Zoom Freak 2 : performances optimales sur le terrain.Collaboration avec Giannis Antetokounmpo pour style, confort et soutien.Technologie Zoom Air pour amorti r\u00e9actif et r\u00e9ponse rapide.Tige l\u00e9g\u00e8re et durable pour un ajustement confortable et s\u00e9curis\u00e9.Semelle ext\u00e9rieure adh\u00e9rente pour excellente traction et mouvements pr\u00e9cis.Design audacieux et \u00e9l\u00e9gant avec d\u00e9tails inspir\u00e9s de Giannis.Choix id\u00e9al pour les amateurs de basketball exigeants.Atteignez de nouveaux sommets avec confiance et style. La paire est disponible \u00e0 abidjan sur Darkstore225\" \/>\n<meta property=\"og:url\" content=\"https:\/\/darkstore225.com\/index.php\/produit\/giannis-zoom-freak-2\/\" \/>\n<meta property=\"og:site_name\" content=\"Dark Store 225\" \/>\n<meta property=\"article:publisher\" content=\"https:\/\/web.facebook.com\/darksquad225\/?_rdc=1&amp;_rdr\" \/>\n<meta property=\"article:modified_time\" content=\"2023-07-05T00:42:52+00:00\" \/>\n<meta property=\"og:image\" content=\"https:\/\/darkstore225.com\/wp-content\/uploads\/2023\/06\/e8488130-280e-42ef-8fa3-307d2544bb89.759185ae8d9791fb04c11a75d92e1f12.jpeg\" \/>\n\t<meta property=\"og:image:width\" content=\"1010\" \/>\n\t<meta property=\"og:image:height\" content=\"1010\" \/>\n\t<meta property=\"og:image:type\" content=\"image\/jpeg\" \/>\n<meta name=\"twitter:card\" content=\"summary_large_image\" \/>\n<meta name=\"twitter:label1\" content=\"Dur\u00e9e de lecture estim\u00e9e\" \/>\n\t<meta name=\"twitter:data1\" content=\"1 minute\" \/>\n<script type=\"application\/ld+json\" class=\"yoast-schema-graph\">{\"@context\":\"https:\\\/\\\/schema.org\",\"@graph\":[{\"@type\":\"WebPage\",\"@id\":\"https:\\\/\\\/darkstore225.com\\\/index.php\\\/produit\\\/giannis-zoom-freak-2\\\/\",\"url\":\"https:\\\/\\\/darkstore225.com\\\/index.php\\\/produit\\\/giannis-zoom-freak-2\\\/\",\"name\":\"Giannis Zoom Freak 2 - Dark Store 225\",\"isPartOf\":{\"@id\":\"https:\\\/\\\/darkstore225.com\\\/#website\"},\"primaryImageOfPage\":{\"@id\":\"https:\\\/\\\/darkstore225.com\\\/index.php\\\/produit\\\/giannis-zoom-freak-2\\\/#primaryimage\"},\"image\":{\"@id\":\"https:\\\/\\\/darkstore225.com\\\/index.php\\\/produit\\\/giannis-zoom-freak-2\\\/#primaryimage\"},\"thumbnailUrl\":\"https:\\\/\\\/darkstore225.com\\\/wp-content\\\/uploads\\\/2023\\\/06\\\/e8488130-280e-42ef-8fa3-307d2544bb89.759185ae8d9791fb04c11a75d92e1f12.jpeg\",\"datePublished\":\"2023-06-06T12:00:35+00:00\",\"dateModified\":\"2023-07-05T00:42:52+00:00\",\"description\":\"Giannis Zoom Freak 2 : performances optimales sur le terrain.Collaboration avec Giannis Antetokounmpo pour style, confort et soutien.Technologie Zoom Air pour amorti r\u00e9actif et r\u00e9ponse rapide.Tige l\u00e9g\u00e8re et durable pour un ajustement confortable et s\u00e9curis\u00e9.Semelle ext\u00e9rieure adh\u00e9rente pour excellente traction et mouvements pr\u00e9cis.Design audacieux et \u00e9l\u00e9gant avec d\u00e9tails inspir\u00e9s de Giannis.Choix id\u00e9al pour les amateurs de basketball exigeants.Atteignez de nouveaux sommets avec confiance et style. La paire est disponible \u00e0 abidjan sur Darkstore225\",\"breadcrumb\":{\"@id\":\"https:\\\/\\\/darkstore225.com\\\/index.php\\\/produit\\\/giannis-zoom-freak-2\\\/#breadcrumb\"},\"inLanguage\":\"fr-FR\",\"potentialAction\":[{\"@type\":\"ReadAction\",\"target\":[\"https:\\\/\\\/darkstore225.com\\\/index.php\\\/produit\\\/giannis-zoom-freak-2\\\/\"]}]},{\"@type\":\"ImageObject\",\"inLanguage\":\"fr-FR\",\"@id\":\"https:\\\/\\\/darkstore225.com\\\/index.php\\\/produit\\\/giannis-zoom-freak-2\\\/#primaryimage\",\"url\":\"https:\\\/\\\/darkstore225.com\\\/wp-content\\\/uploads\\\/2023\\\/06\\\/e8488130-280e-42ef-8fa3-307d2544bb89.759185ae8d9791fb04c11a75d92e1f12.jpeg\",\"contentUrl\":\"https:\\\/\\\/darkstore225.com\\\/wp-content\\\/uploads\\\/2023\\\/06\\\/e8488130-280e-42ef-8fa3-307d2544bb89.759185ae8d9791fb04c11a75d92e1f12.jpeg\",\"width\":1010,\"height\":1010},{\"@type\":\"BreadcrumbList\",\"@id\":\"https:\\\/\\\/darkstore225.com\\\/index.php\\\/produit\\\/giannis-zoom-freak-2\\\/#breadcrumb\",\"itemListElement\":[{\"@type\":\"ListItem\",\"position\":1,\"name\":\"Accueil\",\"item\":\"https:\\\/\\\/darkstore225.com\\\/\"},{\"@type\":\"ListItem\",\"position\":2,\"name\":\"Boutique\",\"item\":\"https:\\\/\\\/darkstore225.com\\\/index.php\\\/shop\\\/\"},{\"@type\":\"ListItem\",\"position\":3,\"name\":\"Giannis Zoom Freak 2\"}]},{\"@type\":\"WebSite\",\"@id\":\"https:\\\/\\\/darkstore225.com\\\/#website\",\"url\":\"https:\\\/\\\/darkstore225.com\\\/\",\"name\":\"Dark Store 225\",\"description\":\"Service, fiabilit\u00e9 , authenticit\u00e9\",\"publisher\":{\"@id\":\"https:\\\/\\\/darkstore225.com\\\/#organization\"},\"potentialAction\":[{\"@type\":\"SearchAction\",\"target\":{\"@type\":\"EntryPoint\",\"urlTemplate\":\"https:\\\/\\\/darkstore225.com\\\/?s={search_term_string}\"},\"query-input\":{\"@type\":\"PropertyValueSpecification\",\"valueRequired\":true,\"valueName\":\"search_term_string\"}}],\"inLanguage\":\"fr-FR\"},{\"@type\":\"Organization\",\"@id\":\"https:\\\/\\\/darkstore225.com\\\/#organization\",\"name\":\"Dark Store 225\",\"url\":\"https:\\\/\\\/darkstore225.com\\\/\",\"logo\":{\"@type\":\"ImageObject\",\"inLanguage\":\"fr-FR\",\"@id\":\"https:\\\/\\\/darkstore225.com\\\/#\\\/schema\\\/logo\\\/image\\\/\",\"url\":\"https:\\\/\\\/darkstore225.com\\\/wp-content\\\/uploads\\\/2023\\\/04\\\/cropped-cropped-cropped-cropped-217393446_556927015480604_2286872379373824906_n.jpg\",\"contentUrl\":\"https:\\\/\\\/darkstore225.com\\\/wp-content\\\/uploads\\\/2023\\\/04\\\/cropped-cropped-cropped-cropped-217393446_556927015480604_2286872379373824906_n.jpg\",\"width\":512,\"height\":408,\"caption\":\"Dark Store 225\"},\"image\":{\"@id\":\"https:\\\/\\\/darkstore225.com\\\/#\\\/schema\\\/logo\\\/image\\\/\"},\"sameAs\":[\"https:\\\/\\\/web.facebook.com\\\/darksquad225\\\/?_rdc=1&_rdr\",\"https:\\\/\\\/www.instagram.com\\\/dark_squad_225\\\/\"]}]}<\/script>\n<!-- \/ Yoast SEO plugin. -->","yoast_head_json":{"title":"Giannis Zoom Freak 2 - Dark Store 225","description":"Giannis Zoom Freak 2 : performances optimales sur le terrain.Collaboration avec Giannis Antetokounmpo pour style, confort et soutien.Technologie Zoom Air pour amorti r\u00e9actif et r\u00e9ponse rapide.Tige l\u00e9g\u00e8re et durable pour un ajustement confortable et s\u00e9curis\u00e9.Semelle ext\u00e9rieure adh\u00e9rente pour excellente traction et mouvements pr\u00e9cis.Design audacieux et \u00e9l\u00e9gant avec d\u00e9tails inspir\u00e9s de Giannis.Choix id\u00e9al pour les amateurs de basketball exigeants.Atteignez de nouveaux sommets avec confiance et style. La paire est disponible \u00e0 abidjan sur Darkstore225","robots":{"index":"index","follow":"follow","max-snippet":"max-snippet:-1","max-image-preview":"max-image-preview:large","max-video-preview":"max-video-preview:-1"},"canonical":"https:\/\/darkstore225.com\/index.php\/produit\/giannis-zoom-freak-2\/","og_locale":"fr_FR","og_type":"article","og_title":"Giannis Zoom Freak 2 - Dark Store 225","og_description":"Giannis Zoom Freak 2 : performances optimales sur le terrain.Collaboration avec Giannis Antetokounmpo pour style, confort et soutien.Technologie Zoom Air pour amorti r\u00e9actif et r\u00e9ponse rapide.Tige l\u00e9g\u00e8re et durable pour un ajustement confortable et s\u00e9curis\u00e9.Semelle ext\u00e9rieure adh\u00e9rente pour excellente traction et mouvements pr\u00e9cis.Design audacieux et \u00e9l\u00e9gant avec d\u00e9tails inspir\u00e9s de Giannis.Choix id\u00e9al pour les amateurs de basketball exigeants.Atteignez de nouveaux sommets avec confiance et style. La paire est disponible \u00e0 abidjan sur Darkstore225","og_url":"https:\/\/darkstore225.com\/index.php\/produit\/giannis-zoom-freak-2\/","og_site_name":"Dark Store 225","article_publisher":"https:\/\/web.facebook.com\/darksquad225\/?_rdc=1&_rdr","article_modified_time":"2023-07-05T00:42:52+00:00","og_image":[{"width":1010,"height":1010,"url":"https:\/\/darkstore225.com\/wp-content\/uploads\/2023\/06\/e8488130-280e-42ef-8fa3-307d2544bb89.759185ae8d9791fb04c11a75d92e1f12.jpeg","type":"image\/jpeg"}],"twitter_card":"summary_large_image","twitter_misc":{"Dur\u00e9e de lecture estim\u00e9e":"1 minute"},"schema":{"@context":"https:\/\/schema.org","@graph":[{"@type":"WebPage","@id":"https:\/\/darkstore225.com\/index.php\/produit\/giannis-zoom-freak-2\/","url":"https:\/\/darkstore225.com\/index.php\/produit\/giannis-zoom-freak-2\/","name":"Giannis Zoom Freak 2 - Dark Store 225","isPartOf":{"@id":"https:\/\/darkstore225.com\/#website"},"primaryImageOfPage":{"@id":"https:\/\/darkstore225.com\/index.php\/produit\/giannis-zoom-freak-2\/#primaryimage"},"image":{"@id":"https:\/\/darkstore225.com\/index.php\/produit\/giannis-zoom-freak-2\/#primaryimage"},"thumbnailUrl":"https:\/\/darkstore225.com\/wp-content\/uploads\/2023\/06\/e8488130-280e-42ef-8fa3-307d2544bb89.759185ae8d9791fb04c11a75d92e1f12.jpeg","datePublished":"2023-06-06T12:00:35+00:00","dateModified":"2023-07-05T00:42:52+00:00","description":"Giannis Zoom Freak 2 : performances optimales sur le terrain.Collaboration avec Giannis Antetokounmpo pour style, confort et soutien.Technologie Zoom Air pour amorti r\u00e9actif et r\u00e9ponse rapide.Tige l\u00e9g\u00e8re et durable pour un ajustement confortable et s\u00e9curis\u00e9.Semelle ext\u00e9rieure adh\u00e9rente pour excellente traction et mouvements pr\u00e9cis.Design audacieux et \u00e9l\u00e9gant avec d\u00e9tails inspir\u00e9s de Giannis.Choix id\u00e9al pour les amateurs de basketball exigeants.Atteignez de nouveaux sommets avec confiance et style. La paire est disponible \u00e0 abidjan sur Darkstore225","breadcrumb":{"@id":"https:\/\/darkstore225.com\/index.php\/produit\/giannis-zoom-freak-2\/#breadcrumb"},"inLanguage":"fr-FR","potentialAction":[{"@type":"ReadAction","target":["https:\/\/darkstore225.com\/index.php\/produit\/giannis-zoom-freak-2\/"]}]},{"@type":"ImageObject","inLanguage":"fr-FR","@id":"https:\/\/darkstore225.com\/index.php\/produit\/giannis-zoom-freak-2\/#primaryimage","url":"https:\/\/darkstore225.com\/wp-content\/uploads\/2023\/06\/e8488130-280e-42ef-8fa3-307d2544bb89.759185ae8d9791fb04c11a75d92e1f12.jpeg","contentUrl":"https:\/\/darkstore225.com\/wp-content\/uploads\/2023\/06\/e8488130-280e-42ef-8fa3-307d2544bb89.759185ae8d9791fb04c11a75d92e1f12.jpeg","width":1010,"height":1010},{"@type":"BreadcrumbList","@id":"https:\/\/darkstore225.com\/index.php\/produit\/giannis-zoom-freak-2\/#breadcrumb","itemListElement":[{"@type":"ListItem","position":1,"name":"Accueil","item":"https:\/\/darkstore225.com\/"},{"@type":"ListItem","position":2,"name":"Boutique","item":"https:\/\/darkstore225.com\/index.php\/shop\/"},{"@type":"ListItem","position":3,"name":"Giannis Zoom Freak 2"}]},{"@type":"WebSite","@id":"https:\/\/darkstore225.com\/#website","url":"https:\/\/darkstore225.com\/","name":"Dark Store 225","description":"Service, fiabilit\u00e9 , authenticit\u00e9","publisher":{"@id":"https:\/\/darkstore225.com\/#organization"},"potentialAction":[{"@type":"SearchAction","target":{"@type":"EntryPoint","urlTemplate":"https:\/\/darkstore225.com\/?s={search_term_string}"},"query-input":{"@type":"PropertyValueSpecification","valueRequired":true,"valueName":"search_term_string"}}],"inLanguage":"fr-FR"},{"@type":"Organization","@id":"https:\/\/darkstore225.com\/#organization","name":"Dark Store 225","url":"https:\/\/darkstore225.com\/","logo":{"@type":"ImageObject","inLanguage":"fr-FR","@id":"https:\/\/darkstore225.com\/#\/schema\/logo\/image\/","url":"https:\/\/darkstore225.com\/wp-content\/uploads\/2023\/04\/cropped-cropped-cropped-cropped-217393446_556927015480604_2286872379373824906_n.jpg","contentUrl":"https:\/\/darkstore225.com\/wp-content\/uploads\/2023\/04\/cropped-cropped-cropped-cropped-217393446_556927015480604_2286872379373824906_n.jpg","width":512,"height":408,"caption":"Dark Store 225"},"image":{"@id":"https:\/\/darkstore225.com\/#\/schema\/logo\/image\/"},"sameAs":["https:\/\/web.facebook.com\/darksquad225\/?_rdc=1&_rdr","https:\/\/www.instagram.com\/dark_squad_225\/"]}]}},"uagb_featured_image_src":{"full":["https:\/\/darkstore225.com\/wp-content\/uploads\/2023\/06\/e8488130-280e-42ef-8fa3-307d2544bb89.759185ae8d9791fb04c11a75d92e1f12.jpeg",1010,1010,false],"thumbnail":["https:\/\/darkstore225.com\/wp-content\/uploads\/2023\/06\/e8488130-280e-42ef-8fa3-307d2544bb89.759185ae8d9791fb04c11a75d92e1f12-150x150.jpeg",150,150,true],"medium":["https:\/\/darkstore225.com\/wp-content\/uploads\/2023\/06\/e8488130-280e-42ef-8fa3-307d2544bb89.759185ae8d9791fb04c11a75d92e1f12-300x300.jpeg",300,300,true],"medium_large":["https:\/\/darkstore225.com\/wp-content\/uploads\/2023\/06\/e8488130-280e-42ef-8fa3-307d2544bb89.759185ae8d9791fb04c11a75d92e1f12-768x768.jpeg",768,768,true],"large":["https:\/\/darkstore225.com\/wp-content\/uploads\/2023\/06\/e8488130-280e-42ef-8fa3-307d2544bb89.759185ae8d9791fb04c11a75d92e1f12.jpeg",1010,1010,false],"1536x1536":["https:\/\/darkstore225.com\/wp-content\/uploads\/2023\/06\/e8488130-280e-42ef-8fa3-307d2544bb89.759185ae8d9791fb04c11a75d92e1f12.jpeg",1010,1010,false],"2048x2048":["https:\/\/darkstore225.com\/wp-content\/uploads\/2023\/06\/e8488130-280e-42ef-8fa3-307d2544bb89.759185ae8d9791fb04c11a75d92e1f12.jpeg",1010,1010,false],"woocommerce_thumbnail":["https:\/\/darkstore225.com\/wp-content\/uploads\/2023\/06\/e8488130-280e-42ef-8fa3-307d2544bb89.759185ae8d9791fb04c11a75d92e1f12-500x500.jpeg",500,500,true],"woocommerce_single":["https:\/\/darkstore225.com\/wp-content\/uploads\/2023\/06\/e8488130-280e-42ef-8fa3-307d2544bb89.759185ae8d9791fb04c11a75d92e1f12-600x600.jpeg",600,600,true],"woocommerce_gallery_thumbnail":["https:\/\/darkstore225.com\/wp-content\/uploads\/2023\/06\/e8488130-280e-42ef-8fa3-307d2544bb89.759185ae8d9791fb04c11a75d92e1f12-100x100.jpeg",100,100,true]},"uagb_author_info":{"display_name":"madxbeatzmusic","author_link":"https:\/\/darkstore225.com\/index.php\/author\/"},"uagb_comment_info":0,"uagb_excerpt":"Giannis Zoom Freak 2 : performances optimales sur le terrain. Collaboration avec Giannis Antetokounmpo pour style, confort et soutien. Technologie Zoom Air pour amorti r\u00e9actif et r\u00e9ponse rapide. Tige l\u00e9g\u00e8re et durable pour un ajustement confortable et s\u00e9curis\u00e9. Semelle ext\u00e9rieure adh\u00e9rente pour excellente traction et mouvements pr\u00e9cis. Design audacieux et \u00e9l\u00e9gant avec d\u00e9tails inspir\u00e9s de\u2026","_links":{"self":[{"href":"https:\/\/darkstore225.com\/index.php\/wp-json\/wp\/v2\/product\/5132","targetHints":{"allow":["GET"]}}],"collection":[{"href":"https:\/\/darkstore225.com\/index.php\/wp-json\/wp\/v2\/product"}],"about":[{"href":"https:\/\/darkstore225.com\/index.php\/wp-json\/wp\/v2\/types\/product"}],"replies":[{"embeddable":true,"href":"https:\/\/darkstore225.com\/index.php\/wp-json\/wp\/v2\/comments?post=5132"}],"version-history":[{"count":3,"href":"https:\/\/darkstore225.com\/index.php\/wp-json\/wp\/v2\/product\/5132\/revisions"}],"predecessor-version":[{"id":5688,"href":"https:\/\/darkstore225.com\/index.php\/wp-json\/wp\/v2\/product\/5132\/revisions\/5688"}],"wp:featuredmedia":[{"embeddable":true,"href":"https:\/\/darkstore225.com\/index.php\/wp-json\/wp\/v2\/media\/5140"}],"wp:attachment":[{"href":"https:\/\/darkstore225.com\/index.php\/wp-json\/wp\/v2\/media?parent=5132"}],"wp:term":[{"taxonomy":"product_brand","embeddable":true,"href":"https:\/\/darkstore225.com\/index.php\/wp-json\/wp\/v2\/product_brand?post=5132"},{"taxonomy":"product_cat","embeddable":true,"href":"https:\/\/darkstore225.com\/index.php\/wp-json\/wp\/v2\/product_cat?post=5132"},{"taxonomy":"product_tag","embeddable":true,"href":"https:\/\/darkstore225.com\/index.php\/wp-json\/wp\/v2\/product_tag?post=5132"}],"curies":[{"name":"wp","href":"https:\/\/api.w.org\/{rel}","templated":true}]}}